e the highest common factor of 2 and r.
1
Let j be 16/72 - 511/(-9). Let g = 58 + -39. What is the greatest common divisor of j and g?
19
Let y(q) = -q**3 + 9*q**2 + 8*q + 7. Let j be y(10). Let v = 17 + j. Suppose p = v*a - 39, 3 + 4 = a - 3*p. What is the greatest common divisor of 90 and a?
10
Let f be ((-2)/((-20)/6))/((-7)/(-35)). Let l be -5 + (-6 - -10) + f*23. What is the highest common factor of 17 and l?
17
Let m be -2 + -8*(-11 + 9). Calculate the highest common factor of 791 and m.
7
Let n be (-4)/(-18) + (-2250)/(-81). Suppose -n = -7*v + 3*v. Calculate the greatest common divisor of v and 7.
7
Suppose t = 3 + 3. Suppose -y = 3*f + 15, 2*f + t = -4*y + 2*y. Let q(i) = i**2 + 2*i - 6. Let l be q(f). What is the greatest common divisor of l and 90?
18
Let y be (4/(-6))/(72/(-12852)). Calculate the highest common divisor of 14 and y.
7
Suppose 2*n + 2*a = 3746, 3*n + 4*a = 2210 + 3406. Calculate the highest common factor of n and 14.
14
Let r(l) = l + 7. Let b be r(0). Let w = 21 + -16. Suppose z + 382 = 5*c, w*c - 240 - 130 = 5*z. What is the greatest common divisor of c and b?
7
Let o(j) = j - 3. Let r be o(8). Suppose 4*z - 6 = -s + 5, -2*z + r*s = -33. Calculate the greatest common factor of z and 4.
4
Let k(r) = r**3 - r**2 + 3. Let s be k(0). Let b(t) = 9*t + 255. Let w be b(-23). Calculate the highest common divisor of w and s.
3
Suppose 4*z - 5*w = 157, -w = -4*z + 141 + 28. Calculate the greatest common divisor of 2 and z.
1
Suppose 9 = 3*b - 5*o - 16, 4*b + 4*o - 12 = 0. Suppose 3*h = b*h + r - 26, 65 = 5*h - 5*r. Calculate the highest common divisor of h and 117.
13
Let r(o) = o**3 - 7*o**2 - 3*o + 8. Let j be r(8). Calculate the greatest common factor of j and 60.
12
Let m(t) = -t**2 - 8*t + 5. Let z be m(-7). Suppose -z*g + 432 = -8*g. Calculate the highest common factor of 72 and g.
36
Let w = -103 + 107. Suppose h - 120 = -w*h. Calculate the greatest common factor of h and 6.
6
Let a be -14*(4 + -1 + -1). Let t be 3/(-2 - a/8). What is the greatest common divisor of 8 and t?
2
Let h(f) = 3*f**2 - 20*f - 20. Let j be h(10). What is the highest common divisor of 120 and j?
40
Let s be 6/24 - (-11)/4. Suppose s = -3*p + 3*n, 3*n = p - n + 7. Let u be (p/(-3))/(3/(-36)). What is the greatest common factor of 32 and u?
4
Suppose -4*p + 117 = -527. Let c be (6/4 - 2)*-46. What is the highest common divisor of p and c?
23
Suppose -5*c + o + 64 = -14, 5*o = 10. What is the highest common factor of c and 68?
4
Suppose o = -2*f - 3*f + 655, 0 = -4*f - 4*o + 508. What is the highest common divisor of 12 and f?
12
Let c(k) = 18*k - 6. Let f be c(3). Let p = f + -23. Let r = p - 14. What is the greatest common factor of 88 and r?
11
Let a(i) = -i**3 - i + 120. Suppose -z - 4 + 7 = 0. Let b = 3 - z. Let m be a(b). Calculate the highest common divisor of 15 and m.
15
Let n = -1 + 1. Suppose n*s = 4*s - 28. Let i = 0 + 77. What is the greatest common factor of i and s?
7
Let i be (-20)/(-1)*13/26. Let h be (324/i)/(6/15). What is the greatest common divisor of h and 27?
27
Let l be 9/6*(-4)/3*-23. Let b be ((-69)/2)/(12/(-24)). What is the greatest common factor of l and b?
23
Let c be (-5*2)/((-693)/45 - -15). Calculate the highest common factor of 50 and c.
25
Suppose 3*b + 13 = d - 2*b, d + 5 = -4*b. Suppose d*f - 7 = 35. Let h(q) = -q + 4. Let u be h(2). What is the greatest common factor of u and f?
2
Suppose 3*b = -g + 41, -25*g = -29*g + 5*b + 215. Calculate the greatest common divisor of g and 2300.
50
Let g = 11 + -9. Suppose 110 + 32 = g*z. Suppose 129 = 5*b - z. Calculate the highest common factor of 16 and b.
8
Suppose -18*a - 14 = -16*a. Let j be (-51)/a - (-6 + 44/7). Let b = 152 - 89. Calculate the highest common factor of b and j.
7
Suppose -h + 3*f + 35 = 17, -4*h = 2*f - 100. What is the greatest common divisor of h and 920?
8
Suppose -99 = 19*o - 593. What is the greatest common factor of o and 13?
13
Let x(k) = -k**3 + 7*k**2 + 7*k + 6. Let u be x(9). Let h = 122 + u. What is the highest common divisor of h and 319?
29
Let h be 4/6 - 8/(-24). Let f be h + ((-20)/(-6) + -3)*165. Let l be (-284)/(-10) + 6/(-15). What is the highest common divisor of f and l?
28
Let a = 488 - 318. What is the highest common divisor of 50 and a?
10
Suppose 0 = -72*k - 44*k + 34684. What is the greatest common divisor of k and 23?
23
Suppose 28 = 3*o - 8. Calculate the highest common factor of 192 and o.
12
Let f be 1*4 + (-22)/(-11). Let d be (0 + 40/(-12))*f/(-5). What is the highest common factor of d and 4?
4
Let o = -103 - -55. Let m = 69 + o. What is the greatest common factor of 21 and m?
21
Let u(y) = -y**3 + 18*y**2 + 5*y + 25. Let t(k) = 1. Let f(s) = 5*t(s) + u(s). Let m be f(18). Calculate the highest common factor of m and 20.
20
Suppose -2*g = -8 - 6. Suppose 460 = 5*a - 0*j - 5*j, -87 = -a - 4*j. Calculate the greatest common divisor of a and g.
7
Let z be (419/(-1676))/((-1)/(1*76)). Calculate the highest common factor of 76 and z.
19
Suppose 5*w - 15 = 6*w. Let g be (-70)/w*102 - 2. Let l be g/15 + (-8)/(-20). Calculate the highest common factor of 80 and l.
16
Suppose 0 = o - 260 + 40. Calculate the highest common factor of o and 55.
55
Suppose 4*i + 3*p = 15 + 12, 4*i - 22 = -2*p. Suppose 2 = 2*m, 0*m + m + 2 = z. What is the greatest common factor of z and i?
3
Let o = 260 - 176. Calculate the highest common divisor of o and 105.
21
Suppose 6*v + 0*v = 42. Let u be 1*(-1 - (4 - v)). Calculate the highest common factor of 10 and u.
2
Let h(a) = -58*a - 118. Let r be h(-5). Calculate the highest common divisor of r and 43.
43
Let s(n) = -2*n + 8. Let t be s(6). Let v be (t - -3)*1*-3. Suppose 0 = b + v - 16. What is the highest common divisor of b and 143?
13
Let g = -59 - -98. Suppose -13 = -3*y - l, 4*y - 4*l + l = g. What is the greatest common divisor of 66 and y?
6
Let v = 900 + -351. What is the highest common divisor of 18 and v?
9
Suppose 1 = -m + 10. Suppose -4*c + m = -c. Suppose c + 81 = 3*y. What is the highest common factor of 196 and y?
28
Let q = 87 - 83. Let b be q*300/8*2/4. Calculate the highest common divisor of 30 and b.
15
Suppose 28*a - 182 = 26*a. Calculate the greatest common factor of 26 and a.
13
Suppose -2*t + 148 + 28 = 0. Calculate the greatest common factor of 286 and t.
22
Let s(f) = 2*f**2 - 6*f + 4. Let h be s(5). Suppose y - a + 3*a = h, -3*y - 3*a + 57 = 0. What is the highest common factor of 7 and y?
7
Let t(k) = 13*k - 11 - k**2 + 11 + 1. Let l be t(9). Calculate the greatest common divisor of l and 74.
37
Suppose 24 = -20*g + 24*g. Let q be 0 + 62 + g + -8 + 5. What is the highest common divisor of q and 26?
13
Let i be ((-11)/(-4))/(-1 - (-808)/800). Calculate the greatest common divisor of 50 and i.
25
Let y = -28 - -62. Let t = y - 26. Let u(n) = n**2 - n + 8. Let q be u(-7). What is the highest common factor of t and q?
8
Suppose -2*j + 12 = -4*j. Let m(n) = -n**3 - 5*n**2 + 2*n + 10. Let c be m(j). Let k be (-24)/7*(-357)/c. Calculate the greatest common factor of k and 4.
4
Let c = -133 + 153. Suppose -c = -4*p + 36. Calculate the greatest common divisor of 280 and p.
14
Let h = -173 + 227. What is the greatest common divisor of 2 and h?
2
Let c(l) = -l**3 - 16*l**2 - 29*l - 4. Let f be c(-14). Suppose 18*w = f*w + 696. What is the greatest common divisor of 58 and w?
29
Suppose 130*l - 135*l = -6555. Calculate the greatest common factor of 23 and l.
23
Let q(w) = -2*w**3 + 4*w + 4*w + 5 + w**3 - 7*w + 7*w**2. Let u be q(7). Calculate the highest common factor of u and 108.
12
Let d be (-4794)/(-423) - ((-4)/6 - 0). Calculate the highest common divisor of 153 and d.
3
Suppose -o = -4*h - 9 - 24, 0 = -4*h - 2*o - 18. Let g(f) = f + 7. Let u be g(h). Suppose u = -b - 0*b + 6. What is the greatest common divisor of 24 and b?
6
Suppose 2*b + 3*g - 177 = 129, -3*g = 4*b - 606. Let y = b - 78. Calculate the highest common factor of 18 and y.
18
Let k = 2946 + -1912. Calculate the greatest common factor of 376 and k.
94
Suppose 0 = 3*g - g - i + 1, 2*g = -4*i + 4. Let m(b) = -b**2 + 5*b + 4. Let t be m(-2). Let o = g - t. What is the highest common factor of o and 4?
2
Suppose 0 = -k + 8 - 3. Suppose -3*y = -p - 76, -k*y = -4*p - 32 - 90. What is the highest common factor of 1